What is the remainder when 15 is divided by v?
3
Let a(w) = 5*w**2 - 3. Suppose -q - q + 21 = -l, -10 = -q + l. Calculate the remainder when a(3) is divided by q.
9
Let j(d) = -d**3 - d**2 - d - 1. Let k be j(0). Let h be 43 + (k + 3)*1. Suppose -5*v + h = -55. What is the remainder when v is divided by 12?
8
What is the remainder when (-224)/36 + 6 - (-110)/9 is divided by 5?
2
Let q(w) = -24*w - 107. What is the remainder when 102 is divided by q(-5)?
11
Let d(q) = q**3 - 21*q**2 - 21*q - 2. Let i(g) = g + 28. Let h be i(-6). Calculate the remainder when 92 is divided by d(h).
12
Suppose 8*g = 19*g - 44. Calculate the remainder when 63 is divided by g.
3
Suppose -9*w + 5*w + 5*c = -2523, -2*w = -c - 1269. Calculate the remainder when w is divided by 46.
39
Suppose -y - 32 = -182. What is the remainder when y is divided by 19?
17
Suppose 55*b - 1200 = 31*b. Calculate the remainder when 97 is divided by b.
47
Let l(d) = -2*d**2 - 41*d - 61. Calculate the remainder when 518 is divided by l(-17).
54
What is the remainder when (-155)/31*(2292/10)/(-2) is divided by 24?
21
Let c = -362 + 418. What is the remainder when 195 is divided by c?
27
Let a = 500 - 434. Calculate the remainder when a is divided by 26.
14
Let r = -6 + 9. Suppose r*p = -2*p + 60. What is the remainder when 39 is divided by 29/3 + 4/p?
9
Let f(l) = 9*l**3. Let c be f(-1). Let m = c - -12. What is the remainder when 45 is divided by (-4)/(2*m/(-24))?
13
Let h be 8*(25/(-10) - -2). Let o(f) = -f**3 - 2*f**2 + 3*f - 3. What is the remainder when 31 is divided by o(h)?
14
Calculate the remainder when 1073 is divided by 1162/63 + 8/(-18).
11
Let o(j) = j**3 - j**2 - 7*j - 12. Let c be o(7). Let w = c + -134. What is the remainder when w is divided by 20?
19
Suppose -208 = 38*c - 40*c. Calculate the remainder when 411 is divided by c.
99
Let s(m) = 4*m - 8. Suppose -3 - 2 = -d. Let w be s(d). Calculate the remainder when 81 is divided by (7/3 - 0)*w.
25
Suppose 5*v = -4*q + 53, -3*q + 18 + 15 = -3*v. Let o = -4 - -30. What is the remainder when (o - 3)*(2 + -1) is divided by q?
11
Suppose 75 = 5*h + 5*w, 0 = h - 6*w + w - 45. What is the remainder when (-57)/(((-54)/4)/9) is divided by h?
18
Suppose -56 = -4*x + 4*h, 5*h + 63 = 4*x + 5. Calculate the remainder when 43 is divided by x.
7
Let y(a) = -88*a - 593. Suppose 0 = s - 5*s + 268. What is the remainder when s is divided by y(-7)?
21
Let b = 1544 - 1532. Calculate the remainder when 380 is divided by b.
8
Let o(x) = -2*x + 33. Suppose 84 = 3*s - 0*s. Suppose -s = -4*j + 48. What is the remainder when o(-10) is divided by j?
15
Suppose -33*f + 119 = -26*f. Calculate the remainder when (-63)/(-2) + 1/2 is divided by f.
15
Suppose n - 514 = -66. Calculate the remainder when n is divided by 50.
48
Suppose 12*u = 4*u + 40. Suppose 27 = 4*h + 5*a - 12, -3*h + 33 = u*a. What is the remainder when 22 is divided by h?
4
Let s(m) = -m**2 + 19*m - 37. What is the remainder when s(15) is divided by 4?
3
Let v = 23 + -14. Suppose -12 = -v*w + 6. What is the remainder when w is divided by 2?
0
Suppose 2*h + 5*r - 1100 = 0, 4*h - r + 2*r - 2218 = 0. What is the remainder when h is divided by 185?
0
Let t = 928 + -917. Calculate the remainder when -3 + 45 - (-1)/(-1) is divided by t.
8
Suppose 2*h + 0 = -p + 4, 2*h + 20 = 2*p. Calculate the remainder when 422 is divided by p.
6
Suppose 23 = 2*t + 17. What is the remainder when 114 is divided by t?
0
Let g = 474 - 464. What is the remainder when 189 is divided by g?
9
Let c(o) = -3*o + 42. Let g be c(13). Calculate the remainder when 107 is divided by g - (-11)/(-4) - 107/(-4).
26
Suppose 0 = 5*m + 5, 0*z + 5*m = -4*z + 7. Suppose 2*y = 6*y - 5*u - 408, 2*u - 329 = -z*y. What is the remainder when y is divided by 37?
33
Suppose 3*c = 8*c - 1640. Calculate the remainder when c is divided by 11.
9
Suppose -2*t + 3*m + 122 = 0, 63 = 4*t - 2*m - 173. Suppose -8*c = -270 - t. Calculate the remainder when c is divided by 11.
8
Let q be 8/(-28) + 10/(-14). Let y(s) = 61*s**2 + s. What is the remainder when y(q) is divided by ((-2)/(-2) + 0)*31?
29
Suppose 5*l + 72 = 9*l. What is the remainder when l is divided by (2 - (-85)/25) + (-6)/15?
3
Let g be 24/36 + (-1364)/(-6). Suppose -4*w + g + 148 = -4*m, -5*w + m = -478. What is the remainder when w is divided by 14?
12
Suppose -361 = -5*g - 166. What is the remainder when 50 is divided by g?
11
Suppose 0 = -3*g - 2*z + 262, -z = -5*g - 0*g + 415. Suppose 7*l = l + g. Calculate the remainder when 51 is divided by l.
9
Suppose -16*o + 1320 = 264. Suppose -18*a + 14*a + 92 = 0. Calculate the remainder when o is divided by a.
20
Suppose 14*s - 10*s = 4*u + 1412, -3*s = -4*u - 1059. What is the remainder when s is divided by 73?
61
Suppose -2*h + 4*g + 928 = 0, 2*h + g = 6*h - 1891. Suppose 3*a + a + h = 5*s, s + a = 102. What is the remainder when s is divided by 25?
23
Suppose -2*g = 5 - 11. Suppose -2 = -g*r + 4. Suppose 120 = r*n + c, 3*n - 5*c - 26 = 180. What is the remainder when n is divided by 21?
20
Suppose -219 = 5*n - 39. What is the remainder when 141 is divided by 49/6 - (78/n)/(-13)?
5
Let i(l) be the second derivative of l**4/2 - l**3/3 + l**2 - 2*l. Suppose -1489 + 839 = -10*v. Calculate the remainder when v is divided by i(2).
21
Suppose -5*b = -5*d - 47 - 3, d = -5*b + 44. Calculate the remainder when 78 is divided by b.
6
Let f(b) = -6*b**2 - 140*b - 24. What is the remainder when 75 is divided by f(-23)?
9
What is the remainder when (7/3)/(10*(-6)/(-1260)) is divided by 14?
7
Suppose 0 = -5*j + z + 39, 8 - 27 = -2*j - 3*z. What is the remainder when j is divided by 6?
2
Let c(p) = 32*p**3 - 9*p**2 + 3*p - 2. Let k(g) = 16*g**3 - 4*g**2 + g - 1. Let h(v) = 3*c(v) - 7*k(v). Calculate the remainder when 58 is divided by h(-1).
10
Suppose -d - 2*z - 14 = 0, 0 = 3*d + 2*d - 4*z. Let p(v) = v**3 + 5*v**2 + 2. Calculate the remainder when 53 is divided by p(d).
17
Let j be -8 + 5 + (-6)/3. Let r(x) = 11*x - 7. Let y(c) = 4*c - 2. Let q(w) = -3*r(w) + 8*y(w). Calculate the remainder when q(j) is divided by 6.
4
Suppose i - 3*a - 15 = 0, 3*i - 38*a + 34*a - 55 = 0. Calculate the remainder when i is divided by (-1)/(((-2)/3)/2).
0
Let p(f) = 38*f**3 - 4*f**2 + 4*f + 1. Let n be p(1). Let s = -33 + n. Calculate the remainder when s is divided by 1.
0
Let w = -1545 - -1551. Let u(k) = k**3 - 4*k**2 + 5*k + 1. Calculate the remainder when u(5) is divided by w.
3
Suppose -7*h - 9 = 26. Let x(y) = -9*y - 26. Suppose 5*f - 52 = -n + 2*n, -f - 5*n + 26 = 0. What is the remainder when x(h) is divided by f?
8
Suppose 5*j + 13 = -b, -b = -0*b - j - 11. Let c = -7 - -26. Let p = c - -8. Calculate the remainder when p is divided by b.
6
Suppose 5*d + 355 = 3*q, -3*d - 5*q - 321 = d. Let t = -21 - d. What is the remainder when t is divided by (-4)/(-14) + 262/14?
15
Let p(i) = 2*i - 11. Suppose -g - 65 = -6*g. Calculate the remainder when p(g) is divided by 8.
7
Suppose 3*p + 0*p - 4*r - 226 = 0, -3*p = r - 251. What is the remainder when p is divided by 18?
10
What is the remainder when (-3)/(4*5/(-820)) is divided by 77?
46
Suppose 3*g + 115 - 193 = 0. What is the remainder when g is divided by 21?
5
What is the remainder when -6 - (50 - -6)/(-1) is divided by 19?
12
Let q(y) = y**2 - 26*y + 149. Calculate the remainder when q(6) is divided by 15.
14
Suppose -83*i + 26*i + 21603 = 0. Calculate the remainder when i is divided by 97.
88
Suppose 0 = 5*o - 3 + 288. Let x = o + 113. What is the remainder when 1*-3 + x/1 is divided by 18?
17
Let a = 19 - 9. Suppose 0 = 4*p - 2*p - 24. Suppose -7*c - 195 = -p*c. Calculate the remainder when c is divided by a.
9
Let h(m) = 7 + 5*m + 0*m - 34 - 1. Calculate the remainder when 12 is divided by h(7).
5
Suppose -u = -5*u + 4*a + 456, 2*u - 227 = 3*a. Let k = u + 52. What is the remainder when k is divided by 42?
41
Let n(u) = -u**2 - 22*u - 52. What is the remainder when n(-12) is divided by 6?
2
Let l(a) = -25*a + 2920. Suppose 0 = -3*b - 63 + 195. Calculate the remainder when b is divided by l(116).
4
Calculate the remainder when 179 is divided by (1 - 0) + 0 - (7 + -21).
14
Calculate the remainder when 391 is divided by 6/(-39) + 0 + (-1098)/(-39).
27
Suppose f - 203 = -4*p, -2 = 2*f - 0. What is the remainder 